8*z - 3*z = 0. What is the remainder when 19 is divided by 2*(z - (-7)/2)?
5
Suppose 8*d - 104 = -0*d. Calculate the remainder when 30 is divided by d.
4
Let h(m) = -m**2 - 12*m + 2. What is the remainder when 149 is divided by h(-6)?
35
Suppose -32 = -0*u - 4*u. Calculate the remainder when 14 is divided by u.
6
Suppose -3*p + 36 = -0*p. What is the remainder when 22 is divided by p?
10
Suppose d - 2*d = -9. Let p be (-84)/8*(-30)/d. Suppose 0 = 4*z - 3*z - p. What is the remainder when z is divided by 12?
11
Calculate the remainder when 21 is divided by (21/(-4))/(-7) + (-63)/(-12).
3
Suppose 9*d - 4*d = 0. Suppose -3 = s - d. Calculate the remainder when 11*(s*5)/(-3) is divided by 19.
17
Let o = -84 + 160. Calculate the remainder when o is divided by 22.
10
Let r = 4 + -3. Let q = -1 - 0. What is the remainder when r - (-11 - (q - -2)) is divided by 7?
6
Suppose -3*f = -7 - 8. Suppose 6*p = f*p + 3. Calculate the remainder when 9 is divided by p.
0
Suppose 3*v - 59 = -4*i, 6*i - 2*i = 5*v + 51. Calculate the remainder when 37 is divided by i.
9
Suppose -3*n - 35 = -4*y, -n - 15 = -6*n. What is the remainder when 85 is divided by y?
8
Suppose 3*i + 11 = 4*i. Calculate the remainder when 39 is divided by 172/22 + 2/i.
7
Let r(w) = w**3 + 10*w**2 + 11*w + 7. Calculate the remainder when r(-8) is divided by 25.
22
Suppose -3*s - 2*j + 5 = -3*j, s = -3*j + 5. Let m be -8 - 2/(s/2). Calculate the remainder when (-96)/m - (-10)/25 is divided by 6.
4
Suppose 11*q = 769 + 188. Calculate the remainder when q is divided by ((-4)/6)/((-1)/33).
21
Suppose -7*p - 4 = -60. Let d(l) = l + 2. Let v be d(-3). Let x = v - -6. What is the remainder when p is divided by x?
3
Suppose -2*j = 71 + 5. Let f = j - -56. Calculate the remainder when 34 is divided by f.
16
Let t(h) = -4*h - 10. Let u(g) = 9*g + 20. Let s(d) = -7*t(d) - 3*u(d). Suppose 2*n - 5 = 1. Calculate the remainder when n is divided by s(-8).
1
Let p = 17 + -27. Let c = p + 13. What is the remainder when 7 is divided by c?
1
What is the remainder when (-1)/2*(-15 + -199) is divided by 16?
11
Suppose p = 2 + 2. Suppose 14 = p*o - 6. Let u = o - 3. What is the remainder when u is divided by 1?
0
Suppose -a - 3*a - 32 = 0. What is the remainder when 69 is divided by (1 - -2)/(a/(-48))?
15
Suppose 117 = -0*j + 13*j. Calculate the remainder when 44 is divided by j.
8
Let i(s) = -s**2 + 60. Let w be i(0). Suppose -h - 20 = 4*h, -w = -5*c + 5*h. Calculate the remainder when 23 is divided by c.
7
Suppose 5*b + 35 = r, 3*r + 0*b - 95 = 5*b. Calculate the remainder when r is divided by 8.
6
Suppose 0 = -6*m + 2*m. Suppose m*h + 4 = h. Suppose -6*b + 54 = -3*b - 2*u, h*b - 79 = 5*u. What is the remainder when 47 is divided by b?
15
Let j be (-1)/(-2) - 2/4. Suppose j = -3*f + 9 + 6. Suppose -f*n - 27 + 217 = 0. Calculate the remainder when n is divided by 13.
12
What is the remainder when 31 is divided by (0 - -4 - -4) + 0 + 1?
4
Suppose -4*q - 2*g = -258, 3*q = -4*g + 86 + 120. What is the remainder when q is divided by 33?
29
Let q(n) = 2*n. Let g = -5 + 11. Suppose j + 136 = 5*j. Calculate the remainder when j is divided by q(g).
10
Let f(z) = z**3 + 4*z**2 + 2*z - 1. What is the remainder when 5 is divided by f(-2)?
2
Suppose -5*q = -4*o - o + 105, -3*q - 3*o - 33 = 0. Let g = -19 + -4. Let v = q - g. What is the remainder when v is divided by 4?
3
Let p = 337 + -226. What is the remainder when p is divided by 29?
24
Suppose 0 = j - 3*h - h - 28, 0 = 2*j + 3*h - 89. Let m = j + -101. Calculate the remainder when 4/18 - m/9 is divided by 3.
1
Suppose q = -3*q - 2*d + 72, -d - 83 = -5*q. Let y(z) = -z**2 + 8*z - 4. Calculate the remainder when q is divided by y(5).
6
Let z(s) = 4*s**2 + 6*s - 1. Let q(u) = -5*u**2 - 5*u. Let n(i) = 5*q(i) + 6*z(i). Calculate the remainder when n(4) is divided by 6.
4
Suppose w + 4*w + 74 = m, 0 = -w - 4*m + 2. Let p = -12 - w. What is the remainder when p is divided by 1?
0
Let u(j) = -j**2 - 5*j + 8. Suppose -34*i = 31 - 65. What is the remainder when u(-6) is divided by i?
0
Let l = -48 + 79. Let g be (-1119)/(-21) - 4/14. Suppose 2*y - 4*a - 10 = 0, 3*a = -4*y - 0*y + g. Calculate the remainder when l is divided by y.
9
Let d be (0 - 1)*(-3 - -12). Let h(k) = 3*k + 5. Calculate the remainder when -24*(-1)/(d/(-12)) is divided by h(4).
15
Let j(s) = -s**2 - 9*s - 4. Let n = 21 + 32. Calculate the remainder when n is divided by j(-6).
11
Let v = 5 - 0. Calculate the remainder when 6 is divided by v.
1
Let u(m) = -2*m + 6*m**2 - 3*m**2 - m - 3. Calculate the remainder when 42 is divided by u(-2).
12
Suppose 4*v - 80 = -0*v. What is the remainder when 138 is divided by v?
18
Suppose -3*a + 2 = -a - t, -a + 4*t = 6. Suppose 5*z - 13 = -3*o, -4 = -2*o - 4*z + a. What is the remainder when 32 is divided by o?
10
Suppose i + 5 = 2*u, -2 = u - i - 5. Suppose p = -u*p + 126. Calculate the remainder when p is divided by 15.
12
Suppose 0 = 2*b, 0 = -5*f - 3*b + 6*b + 340. Calculate the remainder when f is divided by 15.
8
Let k(d) = d**3 + 7*d**2 + 5*d - 4. Let x be 0/(0 + (-1 - 1)). Suppose -3*i + 37 + 2 = x. What is the remainder when k(-4) is divided by i?
11
Suppose 0 = -5*t - n + 794, 2*t + 5*n = -t + 472. What is the remainder when t is divided by 40?
39
Let g(i) = -i**3 - 18*i**2 - 18*i + 5. What is the remainder when g(-17) is divided by 8?
6
Suppose 0*f - 24 = -2*f. Calculate the remainder when f is divided by 4.
0
Let j = 172 - 138. What is the remainder when 202 is divided by j?
32
Let m(z) = -3*z - 1. Let v(y) = y**3 + 2*y**2 - 3*y + 3. Let h be v(-3). Let l = h + 41. What is the remainder when l is divided by m(-8)?
21
Suppose z - 41 = -16. Suppose -2*l = -6*l - 56. Let i = -5 - l. Calculate the remainder when z is divided by i.
7
Suppose -r + 0*s = -2*s - 4, 57 = 3*r + 3*s. Suppose f - r = -1. Calculate the remainder when 23 is divided by f.
10
Suppose 5*k - z - 216 = 0, -2*z = -0*k - 4*k + 168. Let b = k - 22. Suppose 0 = 4*u - 2*u - 24. What is the remainder when b is divided by u?
10
Suppose -10 = -o - 4*r - 5, 4*o - 2*r = 74. Calculate the remainder when o is divided by 5.
2
Suppose -33 = -b + 3*m, 4*b - 5*m - 38 = 59. Let t = 13 + b. Calculate the remainder when t is divided by 8.
7
Suppose -27 = -5*d + 3*b, -3*d - 5*b - 32 = -7*d. What is the remainder when 3 is divided by (0 - (d - 1)) + 5?
0
What is the remainder when 81 is divided by 0 + (11 - (4 - 7))?
11
Suppose 7 + 3 = 2*y. Let o = -7 + y. Calculate the remainder when 1 is divided by (-1)/o - (-1)/2.
0
Suppose 5*h - 35 + 10 = 0. Let z(s) = -2*s**2 + 10*s + 6. Suppose -4*w + 46 = m + m, -3*w + 3*m + 30 = 0. Calculate the remainder when w is divided by z(h).
5
Suppose 3*k = k + 44. Suppose -2*p + 3*u + k = 0, 0 = 4*p + 2*u - 4*u - 52. Calculate the remainder when 4 is divided by (12/10)/(p/35).
1
Let k(w) = -2*w**3 + 2*w**2 + w. Let s be k(-1). Let d be (s - 2)/(2/(-6)). Calculate the remainder when (1 - 0)*(-75)/d is divided by 13.
12
Let g = 1 + 1. Let j(q) = q**2 - q**3 + 2*q**2 - 2*q**3 + 2*q**3 - q. Calculate the remainder when j(g) is divided by 1.
0
Suppose -2*f = -2 + 18. Calculate the remainder when -1 - 4/(f/106) is divided by 18.
16
Let s = 180 - 70. Suppose -4*b + 9*b = s. Suppose 5*i = 47 + 168. What is the remainder when i is divided by b?
21
Let h(q) = q**3 + 8*q**2 + 5*q - 2. Let k be h(-5). Suppose 5*f = f + k. Suppose 0 = 2*s - 7*s + 175. Calculate the remainder when s is divided by f.
11
Suppose -3*u = -4*r - 0*u + 195, -5*r + 249 = -2*u. Calculate the remainder when 16 is divided by -15*(r/(-15) + 3).
4
Suppose -5*a + 7 = -4*a + 5*w, -5*w - 7 = -a. What is the remainder when 18 is divided by a?
4
Suppose 8*x - 4*x = 16, -5*w - 4*x + 86 = 0. Calculate the remainder when 25 is divided by w.
11
Let b = 155 - 104. Calculate the remainder when 98 is divided by b.
47
Suppose 31 - 83 = -4*t. What is the remainder when 38 is divided by t?
12
Suppose -10 = -2*q + 5*q + 4*n, -q = -4*n - 2. Let x = q - -7. What is the remainder when 13 is divided by x?
3
Suppose -q - 1 = 3*m, -6*q + 33 = -q - 4*m. Calculate the remainder when 17 is divided by q.
2
Let w = 12 - -21. What is the remainder when 96 is divided by w?
30
Calculate the remainder when 337/3 - (-6)/9 is divided by 23.
21
Suppose -2*d +